{"id":1825,"date":"2025-12-19T20:16:33","date_gmt":"2025-12-19T20:16:33","guid":{"rendered":"https:\/\/uniarq.com.mx\/landing\/?page_id=1825"},"modified":"2025-12-19T20:24:27","modified_gmt":"2025-12-19T20:24:27","slug":"aviso-de-privacidad","status":"publish","type":"page","link":"https:\/\/uniarq.com.mx\/landing\/aviso-de-privacidad\/","title":{"rendered":"Aviso de privacidad"},"content":{"rendered":"\n<p><strong>IDEA Y TECNOLOG\u00cdA UNIARQ,\u00a0<\/strong>(denominada en lo sucesivo la \u201cResponsable\u201d), con fundamento en el art\u00edculo 15, 16, 17 y dem\u00e1s relativos y aplicables de la Ley Federal de Protecci\u00f3n de Datos Personales en Posesi\u00f3n de los Particulares, (en adelante la \u201cLey\u201d), pone a su disposici\u00f3n el presente Aviso de Privacidad, en virtud de los datos personales del Titular que se pretenden recabar:<\/p>\n\n\n\n<p><strong>I. Identidad y domicilio de la Responsable.<\/strong><\/p>\n\n\n\n<p>Para efectos del presente Aviso de Privacidad, la Responsable se\u00f1ala como su domicilio el ubicado en C. Juan Aldama 1203, Universidad, 50130 Toluca de Lerdo, Estado de M\u00e9xico.<\/p>\n\n\n\n<p><strong>II. Finalidad del tratamiento de los datos personales.<\/strong><\/p>\n\n\n\n<p>La Responsable solicita los datos personales del Titular con la finalidad de:<\/p>\n\n\n\n<ol class=\"wp-block-list\">\n<li>Corroborar su identidad y la veracidad de la informaci\u00f3n proporcionada.<\/li>\n\n\n\n<li>Brindar al Titular servicios profesionales en materia de educaci\u00f3n, diplomados y cursos.<\/li>\n\n\n\n<li>Marketing y publicidad digital y\/o f\u00edsica.<\/li>\n\n\n\n<li>Brindar asesor\u00eda y capacitaci\u00f3n<\/li>\n<\/ol>\n\n\n\n<p><strong>III. Obtenci\u00f3n y tratamiento de los datos personales.<\/strong><\/p>\n\n\n\n<p>La Responsable recabar\u00e1 los datos personales necesarios para atender la solicitud de servicios contables y\/o legales por parte del Titular, as\u00ed como para formalizar su contrataci\u00f3n respectiva, de conformidad con las finalidades antes descritas.<\/p>\n\n\n\n<p>Las categor\u00edas de datos personales a recabar y sujetas a tratamiento son:<\/p>\n\n\n\n<ol style=\"list-style-type:lower-alpha\" class=\"wp-block-list\">\n<li>Datos de identificaci\u00f3n relativos a su personalidad jur\u00eddica.<\/li>\n\n\n\n<li>Datos de contacto.<\/li>\n\n\n\n<li>Datos laborales.<\/li>\n\n\n\n<li>Datos acad\u00e9micos o profesionales.<\/li>\n\n\n\n<li>Datos migratorios.<\/li>\n\n\n\n<li>Datos patrimoniales y\/o financieros.<\/li>\n<\/ol>\n\n\n\n<p>La Responsable recaba los datos del Titular (i) de manera personal, (ii) a trav\u00e9s de medios electr\u00f3nicos, (iii) al momento en el que el Titular acude a las oficinas de la Responsable o bien cuando los representantes o empleados de la Responsable acudan a su domicilio y, (iv) por cualquier otro medio permitido por la Ley.<\/p>\n\n\n\n<p>Los datos que la Responsable recaba del Titular son tratados a trav\u00e9s de medios t\u00e9cnicos, administrativos y digitales adecuados que permiten proteger su informaci\u00f3n. Los datos del Titular reciben un tratamiento secreto y confidencial por parte de la Responsable, quien adopta para tal efecto las medidas necesarias para evitar su alteraci\u00f3n, p\u00e9rdida, tratamiento o acceso no autorizado.<\/p>\n\n\n\n<p>Como parte de las medidas de seguridad que la Responsable dentro de sus oficinas podr\u00e1 hacer uso de video grabaci\u00f3n, con o sin sonido, durante el horario en que las oficinas se encuentren abiertas al p\u00fablico. Las im\u00e1genes y\/o sonidos que en su caso sean captados por las c\u00e1maras de video vigilancia ser\u00e1n utilizados para el resguardo de la seguridad de los clientes y de las personas que laboran en las oficinas.<\/p>\n\n\n\n<p>Por su parte, el Titular declara que sus datos son exactos, aut\u00e9nticos y completos y son responsabilidad del Titular que los proporciona, por lo que libera a la Responsable de cualquier responsabilidad relacionada al respecto.<\/p>\n\n\n\n<p><strong>IV. Medios para el ejercicio de los Derechos de Acceso, Rectificaci\u00f3n, Cancelaci\u00f3n u Oposici\u00f3n (ARCO).<\/strong><\/p>\n\n\n\n<p>El Titular ser\u00e1 responsable de la exactitud, veracidad, autenticidad y vigencia de sus datos. El Titular tiene derecho de (i) acceder a los datos personales que le fueron recabados, (ii) a rectificar sus datos, en caso de ser estos inexactos o incompletos, (iii) a cancelar sus datos cuando a su consideraci\u00f3n no son necesarios para alguna de las finalidades se\u00f1aladas en el presente Aviso de Privacidad y legalmente sea procedente, y (iv) a oponerse al tratamiento de dichos datos, en t\u00e9rminos de la Ley y las disposiciones aplicables en la materia.<\/p>\n\n\n\n<p><strong>V. Revocaci\u00f3n del Consentimiento<\/strong><\/p>\n\n\n\n<p>Usted puede revocar el consentimiento que, en su caso, nos haya otorgado para el tratamiento de sus Datos Personales. Sin embargo, es importante que tenga en cuenta que no en todos los casos podremos atender su solicitud o concluir el uso de forma inmediata, ya que es posible que por alguna obligaci\u00f3n legal se requiera seguir tratando sus Datos Personales. Asimismo, Usted deber\u00e1 considerar que, para ciertos fines, la revocaci\u00f3n de su consentimiento implica que no podamos celebrar una relaci\u00f3n contractual respecto a nuestros servicios con Usted. De igual forma, en todos los casos la revocaci\u00f3n del consentimiento no tendr\u00e1 efectos retroactivos en lo que ata\u00f1e a las obligaciones contra\u00eddas en el contrato celebrado entre el Titular y la Responsable.<\/p>\n\n\n\n<p><strong>VI. Opciones y medios que la Responsable ofrece para limitar el uso o divulgaci\u00f3n de datos personales.<\/strong><\/p>\n\n\n\n<p>Con el objeto de limitar el uso o divulgaci\u00f3n de los datos personales del Titular, la Responsable los resguarda en programas de c\u00f3mputo provistos de contrase\u00f1as que tienen altas especificaciones de seguridad, a los cuales \u00fanicamente tienen acceso personas que, con motivo de sus funciones, se le otorgan facultades para ello.<\/p>\n\n\n\n<p>Por lo que respecta a documentos f\u00edsicos que contengan datos personales, la Responsable los resguarda en archivos bajo llave, a los cuales \u00fanicamente tiene acceso el personal autorizado.<\/p>\n\n\n\n<p>Para el tratamiento de datos personales, la Responsable utiliza las mismas medidas de seguridad que las que aplica en su propia informaci\u00f3n confidencial.<\/p>\n\n\n\n<p><strong>VII. Procedimiento para ejercer los Derechos de Acceso, Rectificaci\u00f3n, Cancelaci\u00f3n u Oposici\u00f3n (ARCO); revocar el consentimiento y limitar el uso o divulgaci\u00f3n de datos personales.<\/strong><\/p>\n\n\n\n<p>Para que el encargado del \u00c1rea Interna de Protecci\u00f3n de Datos Personales de la Responsable pueda atender su petici\u00f3n para ejercer los Derechos de Acceso, Rectificaci\u00f3n, Cancelaci\u00f3n u Oposici\u00f3n (ARCO); revocar el consentimiento y\/o limitar el uso o divulgaci\u00f3n de datos personales, Usted deber\u00e1 presentar la solicitud correspondiente, misma que deber\u00e1 ser debidamente requisitada y tendr\u00e1 que ser acompa\u00f1ada de copia simple de alguna de las identificaciones oficiales descritas en la propia solicitud, adem\u00e1s de la original, para cotejo.<\/p>\n\n\n\n<p><strong>VIII. Transferencia de datos personales por la Responsable.<\/strong><\/p>\n\n\n\n<p>La Responsable utiliza los datos personales del Titular exclusivamente para los fines se\u00f1alados en el presente Aviso de Privacidad y los conserva por el tiempo que las disposiciones legales se\u00f1alan.<\/p>\n\n\n\n<p>La Responsable \u00fanicamente comparte y\/o transfiere datos personales dentro y fuera del pa\u00eds, sin necesidad de contar con autorizaci\u00f3n del Titular en los casos permitidos por las leyes mexicanas.<\/p>\n\n\n\n<p><strong>IX. Cambios al Aviso de Privacidad.<\/strong><\/p>\n\n\n\n<p>Este aviso de privacidad podr\u00e1 sufrir modificaciones, cambios o actualizaciones derivadas de nuevos requerimientos legales, de nuestras propias necesidades por los productos y servicios que ofrecemos, de nuestras pr\u00e1cticas de privacidad, de cambios en nuestro modelo de negocio, o por otras causas.<\/p>\n\n\n\n<p>Le informamos que cualquier cambio al presente aviso se har\u00e1 del conocimiento del p\u00fablico mediante su publicaci\u00f3n en las oficinas y el sitio web de la Responsable.<\/p>\n","protected":false},"excerpt":{"rendered":"<p>IDEA Y TECNOLOG\u00cdA UNIARQ,\u00a0(denominada en lo sucesivo la \u201cResponsable\u201d), con fundamento en el art\u00edculo 15, 16, 17 y dem\u00e1s relativos y aplicables de la Ley Federal de Protecci\u00f3n de Datos Personales en Posesi\u00f3n de los Particulares, (en adelante la \u201cLey\u201d), pone a su disposici\u00f3n el presente Aviso de Privacidad, en virtud de los datos personales [&hellip;]<\/p>\n","protected":false},"author":3,"featured_media":0,"parent":0,"menu_order":0,"comment_status":"closed","ping_status":"closed","template":"","meta":{"footnotes":""},"class_list":["post-1825","page","type-page","status-publish","hentry"],"aioseo_notices":[],"_links":{"self":[{"href":"https:\/\/uniarq.com.mx\/landing\/wp-json\/wp\/v2\/pages\/1825","targetHints":{"allow":["GET"]}}],"collection":[{"href":"https:\/\/uniarq.com.mx\/landing\/wp-json\/wp\/v2\/pages"}],"about":[{"href":"https:\/\/uniarq.com.mx\/landing\/wp-json\/wp\/v2\/types\/page"}],"author":[{"embeddable":true,"href":"https:\/\/uniarq.com.mx\/landing\/wp-json\/wp\/v2\/users\/3"}],"replies":[{"embeddable":true,"href":"https:\/\/uniarq.com.mx\/landing\/wp-json\/wp\/v2\/comments?post=1825"}],"version-history":[{"count":3,"href":"https:\/\/uniarq.com.mx\/landing\/wp-json\/wp\/v2\/pages\/1825\/revisions"}],"predecessor-version":[{"id":1830,"href":"https:\/\/uniarq.com.mx\/landing\/wp-json\/wp\/v2\/pages\/1825\/revisions\/1830"}],"wp:attachment":[{"href":"https:\/\/uniarq.com.mx\/landing\/wp-json\/wp\/v2\/media?parent=1825"}],"curies":[{"name":"wp","href":"https:\/\/api.w.org\/{rel}","templated":true}]}}